{"id":19,"date":"2024-02-02T21:15:07","date_gmt":"2024-02-02T20:15:07","guid":{"rendered":"https:\/\/yan-avocats-rdc.com\/?page_id=19"},"modified":"2024-02-09T10:49:24","modified_gmt":"2024-02-09T09:49:24","slug":"actualite","status":"publish","type":"page","link":"https:\/\/yan-avocats-rdc.com\/index.php\/actualite\/","title":{"rendered":"Blog"},"content":{"rendered":"<style>.kb-row-layout-id19_64ab52-4d > .kt-row-column-wrap{align-content:start;}:where(.kb-row-layout-id19_64ab52-4d > .kt-row-column-wrap) > .wp-block-kadence-column{justify-content:start;}.kb-row-layout-id19_64ab52-4d > .kt-row-column-wrap{column-gap:var(--global-kb-gap-md, 2rem);row-gap:var(--global-kb-gap-md, 2rem);max-width:var( --global-content-width, 1290px );padding-left:var(--global-content-edge-padding);padding-right:var(--global-content-edge-padding);padding-top:0px;padding-bottom:var(--global-kb-spacing-xxl, 5rem);grid-template-columns:minmax(0, 2fr) minmax(0, 1fr);}.kb-row-layout-id19_64ab52-4d > .kt-row-layout-overlay{opacity:0.30;}@media all and (max-width: 1024px){.kb-row-layout-id19_64ab52-4d > .kt-row-column-wrap{grid-template-columns:minmax(0, 1fr);}}@media all and (max-width: 767px){.kb-row-layout-id19_64ab52-4d > .kt-row-column-wrap{grid-template-columns:minmax(0, 1fr);}}<\/style><div class=\"kb-row-layout-wrap kb-row-layout-id19_64ab52-4d alignfull has-theme-palette9-background-color kt-row-has-bg wp-block-kadence-rowlayout\"><div class=\"kt-row-column-wrap kt-has-2-columns kt-row-layout-left-golden kt-tab-layout-row kt-mobile-layout-row kt-row-valign-top kb-theme-content-width\">\n<style>.kadence-column19_6729bb-f8 > .kt-inside-inner-col,.kadence-column19_6729bb-f8 > .kt-inside-inner-col:before{border-top-left-radius:0px;border-top-right-radius:0px;border-bottom-right-radius:0px;border-bottom-left-radius:0px;}.kadence-column19_6729bb-f8 > .kt-inside-inner-col{column-gap:var(--global-kb-gap-sm, 1rem);}.kadence-column19_6729bb-f8 > .kt-inside-inner-col{flex-direction:column;}.kadence-column19_6729bb-f8 > .kt-inside-inner-col > .aligncenter{width:100%;}.kadence-column19_6729bb-f8 > .kt-inside-inner-col:before{opacity:0.3;}.kadence-column19_6729bb-f8{position:relative;}@media all and (max-width: 1024px){.kadence-column19_6729bb-f8 > .kt-inside-inner-col{flex-direction:column;}}@media all and (max-width: 767px){.kadence-column19_6729bb-f8 > .kt-inside-inner-col{flex-direction:column;}}<\/style>\n<div class=\"wp-block-kadence-column kadence-column19_6729bb-f8\"><div class=\"kt-inside-inner-col\"><style>.wp-block-kadence-advancedheading.kt-adv-heading19_f10093-f3, .wp-block-kadence-advancedheading.kt-adv-heading19_f10093-f3[data-kb-block=\"kb-adv-heading19_f10093-f3\"]{margin-bottom:var(--global-kb-spacing-xl, 4rem);font-size:var(--global-kb-font-size-lg, 2rem);line-height:1.2;font-style:normal;}.wp-block-kadence-advancedheading.kt-adv-heading19_f10093-f3 mark.kt-highlight, .wp-block-kadence-advancedheading.kt-adv-heading19_f10093-f3[data-kb-block=\"kb-adv-heading19_f10093-f3\"] mark.kt-highlight{font-style:normal;color:#f76a0c;padding-top:0px;padding-right:0px;padding-bottom:0px;padding-left:0px;}<\/style>\n<h2 class=\"kt-adv-heading19_f10093-f3 wp-block-kadence-advancedheading has-theme-palette-3-color has-text-color\" data-kb-block=\"kb-adv-heading19_f10093-f3\">Voici certains de nos articles <\/h2>\n\n\n<style>.kb-posts-id-19_b050e9-22 .entry.loop-entry .entry-header .entry-title{font-size:var(--global-kb-font-size-md, 1.25rem);line-height:1.2;}<\/style><div class=\"wp-block-kadence-posts kb-posts kb-posts-id-19_b050e9-22 content-wrap grid-cols kb-posts-style-boxed grid-sm-col-1 grid-lg-col-1 item-image-style-beside\"><article class=\"entry content-bg loop-entry post-501 post type-post status-publish format-standard has-post-thumbnail hentry category-blog tag-arbitrage-international tag-arbitrage-national tag-avantages\">\n\t\t\t<a class=\"post-thumbnail kadence-thumbnail-ratio-4-3\" href=\"https:\/\/yan-avocats-rdc.com\/index.php\/2024\/09\/27\/arbitrage-national-versus-arbitrage-international-les-avantages-de-chaque-procedure\/\">\n\t\t\t<div class=\"post-thumbnail-inner\">\n\t\t\t\t<img loading=\"lazy\" decoding=\"async\" width=\"768\" height=\"432\" src=\"https:\/\/yan-avocats-rdc.com\/wp-content\/uploads\/2024\/09\/Arbitrage-balance-768x432.webp\" class=\"attachment-medium_large size-medium_large wp-post-image\" alt=\"Arbitrage national versus arbitrage international : les avantages de chaque proc\u00e9dure ?\" srcset=\"https:\/\/yan-avocats-rdc.com\/wp-content\/uploads\/2024\/09\/Arbitrage-balance-768x432.webp 768w, https:\/\/yan-avocats-rdc.com\/wp-content\/uploads\/2024\/09\/Arbitrage-balance-300x169.webp 300w, https:\/\/yan-avocats-rdc.com\/wp-content\/uploads\/2024\/09\/Arbitrage-balance-1024x576.webp 1024w, https:\/\/yan-avocats-rdc.com\/wp-content\/uploads\/2024\/09\/Arbitrage-balance-1536x864.webp 1536w, https:\/\/yan-avocats-rdc.com\/wp-content\/uploads\/2024\/09\/Arbitrage-balance.webp 1920w\" sizes=\"(max-width: 768px) 100vw, 768px\" \/>\t\t\t<\/div>\n\t\t<\/a><!-- .post-thumbnail -->\n\t\t\t<div class=\"entry-content-wrap\">\n\t\t<header class=\"entry-header\">\n\t\t<div class=\"entry-taxonomies\">\n\t\t<span class=\"category-links term-links category-style-normal\">\n\t\t\t<a href=\"https:\/\/yan-avocats-rdc.com\/index.php\/category\/blog\/\" rel=\"category tag\">Blog<\/a>\t\t<\/span>\n\t<\/div><!-- .entry-taxonomies -->\n\t<h3 class=\"entry-title\"><a href=\"https:\/\/yan-avocats-rdc.com\/index.php\/2024\/09\/27\/arbitrage-national-versus-arbitrage-international-les-avantages-de-chaque-procedure\/\" rel=\"bookmark\">Arbitrage national versus arbitrage international : les avantages de chaque proc\u00e9dure ?<\/a><\/h3><\/header><!-- .entry-header -->\n\t<div class=\"entry-summary\">\n\t\t<p>Le recours \u00e0 l&rsquo;arbitrage, qu&rsquo;il soit national ou international, est de plus en plus fr\u00e9quent pour r\u00e9soudre les litiges commerciaux. Chaque type d&rsquo;arbitrage pr\u00e9sente des avantages distincts qui peuvent influencer le choix des parties. L&rsquo;arbitrage national L&rsquo;arbitrage national se d\u00e9roule au sein d&rsquo;un \u00c9tat et est r\u00e9gi par la loi de ce m\u00eame \u00c9tat. Il&#8230;<\/p>\n\t<\/div><!-- .entry-summary -->\n\t<footer class=\"entry-footer\">\n\t<\/footer><!-- .entry-footer -->\t<\/div>\n<\/article>\n<article class=\"entry content-bg loop-entry post-498 post type-post status-publish format-standard has-post-thumbnail hentry category-blog tag-arbitrage-international tag-arbitrage-national\">\n\t\t\t<a class=\"post-thumbnail kadence-thumbnail-ratio-4-3\" href=\"https:\/\/yan-avocats-rdc.com\/index.php\/2024\/09\/27\/un-oeil-sur-larbitrage-national-et-international\/\">\n\t\t\t<div class=\"post-thumbnail-inner\">\n\t\t\t\t<img loading=\"lazy\" decoding=\"async\" width=\"768\" height=\"512\" src=\"https:\/\/yan-avocats-rdc.com\/wp-content\/uploads\/2024\/09\/Arbitrage-768x512.jpg\" class=\"attachment-medium_large size-medium_large wp-post-image\" alt=\"Un \u0153il sur l\u2019arbitrage national et international\" srcset=\"https:\/\/yan-avocats-rdc.com\/wp-content\/uploads\/2024\/09\/Arbitrage-768x512.jpg 768w, https:\/\/yan-avocats-rdc.com\/wp-content\/uploads\/2024\/09\/Arbitrage-300x200.jpg 300w, https:\/\/yan-avocats-rdc.com\/wp-content\/uploads\/2024\/09\/Arbitrage.jpg 1024w\" sizes=\"(max-width: 768px) 100vw, 768px\" \/>\t\t\t<\/div>\n\t\t<\/a><!-- .post-thumbnail -->\n\t\t\t<div class=\"entry-content-wrap\">\n\t\t<header class=\"entry-header\">\n\t\t<div class=\"entry-taxonomies\">\n\t\t<span class=\"category-links term-links category-style-normal\">\n\t\t\t<a href=\"https:\/\/yan-avocats-rdc.com\/index.php\/category\/blog\/\" rel=\"category tag\">Blog<\/a>\t\t<\/span>\n\t<\/div><!-- .entry-taxonomies -->\n\t<h3 class=\"entry-title\"><a href=\"https:\/\/yan-avocats-rdc.com\/index.php\/2024\/09\/27\/un-oeil-sur-larbitrage-national-et-international\/\" rel=\"bookmark\">Un \u0153il sur l\u2019arbitrage national et international<\/a><\/h3><\/header><!-- .entry-header -->\n\t<div class=\"entry-summary\">\n\t\t<p>L&rsquo;arbitrage est une alternative \u00e0 la justice traditionnelle L&rsquo;arbitrage est un mode de r\u00e8glement des diff\u00e9rends qui permet aux parties en conflit d&rsquo;\u00e9viter le recours aux tribunaux \u00e9tatiques. C&rsquo;est une proc\u00e9dure priv\u00e9e dans laquelle un ou plusieurs arbitres, choisis par les parties, rendent une d\u00e9cision qui a force ex\u00e9cutoire. L&rsquo;arbitrage nationalAu niveau national, l&rsquo;arbitrage est&#8230;<\/p>\n\t<\/div><!-- .entry-summary -->\n\t<footer class=\"entry-footer\">\n\t<\/footer><!-- .entry-footer -->\t<\/div>\n<\/article>\n<article class=\"entry content-bg loop-entry post-456 post type-post status-publish format-standard has-post-thumbnail hentry category-blog tag-droit-de-limmigration\">\n\t\t\t<a class=\"post-thumbnail kadence-thumbnail-ratio-4-3\" href=\"https:\/\/yan-avocats-rdc.com\/index.php\/2024\/06\/26\/cest-quoi-le-droit-de-limmigration\/\">\n\t\t\t<div class=\"post-thumbnail-inner\">\n\t\t\t\t<img loading=\"lazy\" decoding=\"async\" width=\"768\" height=\"512\" src=\"https:\/\/yan-avocats-rdc.com\/wp-content\/uploads\/2024\/06\/Droit-de-lImmigration-768x512.jpg\" class=\"attachment-medium_large size-medium_large wp-post-image\" alt=\"C&rsquo;est quoi le Droit de l&rsquo;Immigration ?\" srcset=\"https:\/\/yan-avocats-rdc.com\/wp-content\/uploads\/2024\/06\/Droit-de-lImmigration-768x512.jpg 768w, https:\/\/yan-avocats-rdc.com\/wp-content\/uploads\/2024\/06\/Droit-de-lImmigration-300x200.jpg 300w, https:\/\/yan-avocats-rdc.com\/wp-content\/uploads\/2024\/06\/Droit-de-lImmigration-1024x683.jpg 1024w, https:\/\/yan-avocats-rdc.com\/wp-content\/uploads\/2024\/06\/Droit-de-lImmigration.jpg 1173w\" sizes=\"(max-width: 768px) 100vw, 768px\" \/>\t\t\t<\/div>\n\t\t<\/a><!-- .post-thumbnail -->\n\t\t\t<div class=\"entry-content-wrap\">\n\t\t<header class=\"entry-header\">\n\t\t<div class=\"entry-taxonomies\">\n\t\t<span class=\"category-links term-links category-style-normal\">\n\t\t\t<a href=\"https:\/\/yan-avocats-rdc.com\/index.php\/category\/blog\/\" rel=\"category tag\">Blog<\/a>\t\t<\/span>\n\t<\/div><!-- .entry-taxonomies -->\n\t<h3 class=\"entry-title\"><a href=\"https:\/\/yan-avocats-rdc.com\/index.php\/2024\/06\/26\/cest-quoi-le-droit-de-limmigration\/\" rel=\"bookmark\">C&rsquo;est quoi le Droit de l&rsquo;Immigration ?<\/a><\/h3><\/header><!-- .entry-header -->\n\t<div class=\"entry-summary\">\n\t\t<p>Le droit de l&rsquo;immigration est un ensemble de r\u00e8gles juridiques qui r\u00e9gissent l&rsquo;entr\u00e9e, le s\u00e9jour et la sortie des \u00e9trangers sur le territoire d&rsquo;un \u00c9tat. Il s&rsquo;agit d&rsquo;un domaine complexe et en constante \u00e9volution, en raison des flux migratoires importants et des d\u00e9fis qu&rsquo;ils posent aux \u00c9tats. Les principes fondamentaux du droit de l&rsquo;immigration Le&#8230;<\/p>\n\t<\/div><!-- .entry-summary -->\n\t<footer class=\"entry-footer\">\n\t<\/footer><!-- .entry-footer -->\t<\/div>\n<\/article>\n<article class=\"entry content-bg loop-entry post-453 post type-post status-publish format-standard has-post-thumbnail hentry category-blog tag-droit-dassurance\">\n\t\t\t<a class=\"post-thumbnail kadence-thumbnail-ratio-4-3\" href=\"https:\/\/yan-avocats-rdc.com\/index.php\/2024\/06\/26\/quest-ce-que-le-droit-dassurance\/\">\n\t\t\t<div class=\"post-thumbnail-inner\">\n\t\t\t\t<img loading=\"lazy\" decoding=\"async\" width=\"768\" height=\"512\" src=\"https:\/\/yan-avocats-rdc.com\/wp-content\/uploads\/2024\/06\/droit-de-lassurance-768x512.jpg\" class=\"attachment-medium_large size-medium_large wp-post-image\" alt=\"Qu&rsquo;est-ce que le Droit d&rsquo;assurance ?\" srcset=\"https:\/\/yan-avocats-rdc.com\/wp-content\/uploads\/2024\/06\/droit-de-lassurance-768x512.jpg 768w, https:\/\/yan-avocats-rdc.com\/wp-content\/uploads\/2024\/06\/droit-de-lassurance-300x200.jpg 300w, https:\/\/yan-avocats-rdc.com\/wp-content\/uploads\/2024\/06\/droit-de-lassurance-1024x683.jpg 1024w, https:\/\/yan-avocats-rdc.com\/wp-content\/uploads\/2024\/06\/droit-de-lassurance-1536x1024.jpg 1536w, https:\/\/yan-avocats-rdc.com\/wp-content\/uploads\/2024\/06\/droit-de-lassurance.jpg 1920w\" sizes=\"(max-width: 768px) 100vw, 768px\" \/>\t\t\t<\/div>\n\t\t<\/a><!-- .post-thumbnail -->\n\t\t\t<div class=\"entry-content-wrap\">\n\t\t<header class=\"entry-header\">\n\t\t<div class=\"entry-taxonomies\">\n\t\t<span class=\"category-links term-links category-style-normal\">\n\t\t\t<a href=\"https:\/\/yan-avocats-rdc.com\/index.php\/category\/blog\/\" rel=\"category tag\">Blog<\/a>\t\t<\/span>\n\t<\/div><!-- .entry-taxonomies -->\n\t<h3 class=\"entry-title\"><a href=\"https:\/\/yan-avocats-rdc.com\/index.php\/2024\/06\/26\/quest-ce-que-le-droit-dassurance\/\" rel=\"bookmark\">Qu&rsquo;est-ce que le Droit d&rsquo;assurance ?<\/a><\/h3><\/header><!-- .entry-header -->\n\t<div class=\"entry-summary\">\n\t\t<p>Le droit des assurances est une branche du droit qui r\u00e9git les relations entre les assur\u00e9s et les assureurs. Il encadre la souscription, l&rsquo;ex\u00e9cution et la r\u00e9siliation des contrats d&rsquo;assurance, ainsi que la gestion des sinistres. Les principes fondamentaux du droit des assurances Les diff\u00e9rents types d&rsquo;assurances On distingue deux grandes cat\u00e9gories d&rsquo;assurances : Le&#8230;<\/p>\n\t<\/div><!-- .entry-summary -->\n\t<footer class=\"entry-footer\">\n\t<\/footer><!-- .entry-footer -->\t<\/div>\n<\/article>\n<article class=\"entry content-bg loop-entry post-311 post type-post status-publish format-standard has-post-thumbnail hentry category-blog tag-droit tag-hydrocarbures\">\n\t\t\t<a class=\"post-thumbnail kadence-thumbnail-ratio-4-3\" href=\"https:\/\/yan-avocats-rdc.com\/index.php\/2024\/02\/08\/cest-quoi-droit-des-hydrocarbures\/\">\n\t\t\t<div class=\"post-thumbnail-inner\">\n\t\t\t\t<img loading=\"lazy\" decoding=\"async\" width=\"500\" height=\"256\" src=\"https:\/\/yan-avocats-rdc.com\/wp-content\/uploads\/2024\/02\/Droit-des-hydrocarbures_.jpg\" class=\"attachment-medium_large size-medium_large wp-post-image\" alt=\"C&rsquo;est quoi droit des hydrocarbures ?\" srcset=\"https:\/\/yan-avocats-rdc.com\/wp-content\/uploads\/2024\/02\/Droit-des-hydrocarbures_.jpg 500w, https:\/\/yan-avocats-rdc.com\/wp-content\/uploads\/2024\/02\/Droit-des-hydrocarbures_-300x154.jpg 300w\" sizes=\"(max-width: 500px) 100vw, 500px\" \/>\t\t\t<\/div>\n\t\t<\/a><!-- .post-thumbnail -->\n\t\t\t<div class=\"entry-content-wrap\">\n\t\t<header class=\"entry-header\">\n\t\t<div class=\"entry-taxonomies\">\n\t\t<span class=\"category-links term-links category-style-normal\">\n\t\t\t<a href=\"https:\/\/yan-avocats-rdc.com\/index.php\/category\/blog\/\" rel=\"category tag\">Blog<\/a>\t\t<\/span>\n\t<\/div><!-- .entry-taxonomies -->\n\t<h3 class=\"entry-title\"><a href=\"https:\/\/yan-avocats-rdc.com\/index.php\/2024\/02\/08\/cest-quoi-droit-des-hydrocarbures\/\" rel=\"bookmark\">C&rsquo;est quoi droit des hydrocarbures ?<\/a><\/h3><\/header><!-- .entry-header -->\n\t<div class=\"entry-summary\">\n\t\t<p>Le droit des hydrocarbures est un domaine juridique sp\u00e9cialis\u00e9 qui traite de la r\u00e9glementation de l&rsquo;extraction, de la production, de la distribution, de la commercialisation et de l&rsquo;utilisation de l&rsquo;\u00e9nergie provenant des hydrocarbures. En g\u00e9n\u00e9ral, les lois sur les hydrocarbures sont con\u00e7ues pour r\u00e9glementer l&rsquo;industrie de l&rsquo;\u00e9nergie afin de prot\u00e9ger l&rsquo;environnement, de maximiser la production&#8230;<\/p>\n\t<\/div><!-- .entry-summary -->\n\t<footer class=\"entry-footer\">\n\t<\/footer><!-- .entry-footer -->\t<\/div>\n<\/article>\n<article class=\"entry content-bg loop-entry post-308 post type-post status-publish format-standard has-post-thumbnail hentry category-blog tag-droit-de-limmigration\">\n\t\t\t<a class=\"post-thumbnail kadence-thumbnail-ratio-4-3\" href=\"https:\/\/yan-avocats-rdc.com\/index.php\/2024\/02\/08\/quest-ce-que-cest-le-droit-de-limmigration\/\">\n\t\t\t<div class=\"post-thumbnail-inner\">\n\t\t\t\t<img loading=\"lazy\" decoding=\"async\" width=\"480\" height=\"320\" src=\"https:\/\/yan-avocats-rdc.com\/wp-content\/uploads\/2024\/02\/immigration-1.jpg\" class=\"attachment-medium_large size-medium_large wp-post-image\" alt=\"Qu&rsquo;est ce que c&rsquo;est le droit de l&rsquo;immigration ?\" srcset=\"https:\/\/yan-avocats-rdc.com\/wp-content\/uploads\/2024\/02\/immigration-1.jpg 480w, https:\/\/yan-avocats-rdc.com\/wp-content\/uploads\/2024\/02\/immigration-1-300x200.jpg 300w\" sizes=\"(max-width: 480px) 100vw, 480px\" \/>\t\t\t<\/div>\n\t\t<\/a><!-- .post-thumbnail -->\n\t\t\t<div class=\"entry-content-wrap\">\n\t\t<header class=\"entry-header\">\n\t\t<div class=\"entry-taxonomies\">\n\t\t<span class=\"category-links term-links category-style-normal\">\n\t\t\t<a href=\"https:\/\/yan-avocats-rdc.com\/index.php\/category\/blog\/\" rel=\"category tag\">Blog<\/a>\t\t<\/span>\n\t<\/div><!-- .entry-taxonomies -->\n\t<h3 class=\"entry-title\"><a href=\"https:\/\/yan-avocats-rdc.com\/index.php\/2024\/02\/08\/quest-ce-que-cest-le-droit-de-limmigration\/\" rel=\"bookmark\">Qu&rsquo;est ce que c&rsquo;est le droit de l&rsquo;immigration ?<\/a><\/h3><\/header><!-- .entry-header -->\n\t<div class=\"entry-summary\">\n\t\t<p>L&rsquo;immigration est un sujet complexe qui soul\u00e8ve de nombreuses questions concernant les droits des migrants. Les droits de l&rsquo;immigration varient consid\u00e9rablement d&rsquo;un pays \u00e0 l&rsquo;autre, mais en g\u00e9n\u00e9ral, ils se rapportent \u00e0 la libert\u00e9 de mouvement, la s\u00e9curit\u00e9 et la protection contre les mauvais traitements. La libert\u00e9 de mouvement est un droit fondamental universel qui&#8230;<\/p>\n\t<\/div><!-- .entry-summary -->\n\t<footer class=\"entry-footer\">\n\t<\/footer><!-- .entry-footer -->\t<\/div>\n<\/article>\n<\/div><\/div><\/div>\n\n\n<style>.kadence-column19_890aef-95 > .kt-inside-inner-col{display:flex;}.kadence-column19_890aef-95 > .kt-inside-inner-col{padding-left:var(--global-kb-spacing-xl, 4rem);}.kadence-column19_890aef-95 > .kt-inside-inner-col,.kadence-column19_890aef-95 > .kt-inside-inner-col:before{border-top-left-radius:0px;border-top-right-radius:0px;border-bottom-right-radius:0px;border-bottom-left-radius:0px;}.kadence-column19_890aef-95 > .kt-inside-inner-col{row-gap:64px;column-gap:var(--global-kb-gap-sm, 1rem);}.kadence-column19_890aef-95 > .kt-inside-inner-col{flex-direction:column;}.kadence-column19_890aef-95 > .kt-inside-inner-col > .aligncenter{width:100%;}.kadence-column19_890aef-95 > .kt-inside-inner-col:before{opacity:0.3;}.kadence-column19_890aef-95{position:relative;}@media all and (max-width: 1024px){.kadence-column19_890aef-95 > .kt-inside-inner-col{padding-right:0px;padding-left:0px;flex-direction:column;}}@media all and (max-width: 767px){.kadence-column19_890aef-95 > .kt-inside-inner-col{flex-direction:column;}}<\/style>\n<div class=\"wp-block-kadence-column kadence-column19_890aef-95\"><div class=\"kt-inside-inner-col\"><style>.kb-row-layout-id19_47fcd9-fa > .kt-row-column-wrap{align-content:start;}:where(.kb-row-layout-id19_47fcd9-fa > .kt-row-column-wrap) > .wp-block-kadence-column{justify-content:start;}.kb-row-layout-id19_47fcd9-fa > .kt-row-column-wrap{column-gap:var(--global-kb-gap-lg, 4rem);row-gap:var(--global-kb-gap-lg, 4rem);padding-top:0px;padding-right:0px;padding-bottom:0px;padding-left:0px;grid-template-columns:minmax(0, 1fr);}.kb-row-layout-id19_47fcd9-fa > .kt-row-layout-overlay{opacity:0.30;}@media all and (max-width: 1024px){.kb-row-layout-wrap.wp-block-kadence-rowlayout.kb-row-layout-id19_47fcd9-fa{margin-top:var(--global-kb-spacing-md, 2rem);}}@media all and (max-width: 1024px){.kb-row-layout-id19_47fcd9-fa > .kt-row-column-wrap{column-gap:var(--global-kb-gap-md, 2rem);row-gap:var(--global-kb-gap-md, 2rem);max-width:600px;margin-left:auto;margin-right:auto;grid-template-columns:minmax(0, 1fr);}}@media all and (max-width: 767px){.kb-row-layout-id19_47fcd9-fa > .kt-row-column-wrap{grid-template-columns:minmax(0, 1fr);}}<\/style><div class=\"kb-row-layout-wrap kb-row-layout-id19_47fcd9-fa alignnone wp-block-kadence-rowlayout\"><div class=\"kt-row-column-wrap kt-has-2-columns kt-row-layout-row kt-tab-layout-row kt-mobile-layout-row kt-row-valign-top\">\n<style>.kadence-column19_7ebb38-c1 > .kt-inside-inner-col,.kadence-column19_7ebb38-c1 > .kt-inside-inner-col:before{border-top-left-radius:0px;border-top-right-radius:0px;border-bottom-right-radius:0px;border-bottom-left-radius:0px;}.kadence-column19_7ebb38-c1 > .kt-inside-inner-col{column-gap:var(--global-kb-gap-sm, 1rem);}.kadence-column19_7ebb38-c1 > .kt-inside-inner-col{flex-direction:column;}.kadence-column19_7ebb38-c1 > .kt-inside-inner-col > .aligncenter{width:100%;}.kadence-column19_7ebb38-c1 > .kt-inside-inner-col:before{opacity:0.3;}.kadence-column19_7ebb38-c1{position:relative;}@media all and (max-width: 1024px){.kadence-column19_7ebb38-c1 > .kt-inside-inner-col{flex-direction:column;}}@media all and (max-width: 767px){.kadence-column19_7ebb38-c1 > .kt-inside-inner-col{flex-direction:column;}}<\/style>\n<div class=\"wp-block-kadence-column kadence-column19_7ebb38-c1\"><div class=\"kt-inside-inner-col\"><style>.wp-block-kadence-image.kb-image19_5ae67f-06:not(.kb-specificity-added):not(.kb-extra-specificity-added){margin-top:0px;margin-right:0px;margin-bottom:0px;margin-left:0px;}.kb-image19_5ae67f-06.kb-image-is-ratio-size, .kb-image19_5ae67f-06 .kb-image-is-ratio-size{max-width:296px;width:100%;}.wp-block-kadence-column > .kt-inside-inner-col > .kb-image19_5ae67f-06.kb-image-is-ratio-size, .wp-block-kadence-column > .kt-inside-inner-col > .kb-image19_5ae67f-06 .kb-image-is-ratio-size{align-self:unset;}.kb-image19_5ae67f-06{max-width:296px;}.image-is-svg.kb-image19_5ae67f-06{-webkit-flex:0 1 100%;flex:0 1 100%;}.image-is-svg.kb-image19_5ae67f-06 img{width:100%;}.kb-image19_5ae67f-06 .kb-image-has-overlay:after{opacity:0.3;border-top-left-radius:4px;border-top-right-radius:4px;border-bottom-right-radius:4px;border-bottom-left-radius:4px;}.kb-image19_5ae67f-06 img.kb-img, .kb-image19_5ae67f-06 .kb-img img{border-top-left-radius:4px;border-top-right-radius:4px;border-bottom-right-radius:4px;border-bottom-left-radius:4px;}<\/style>\n<figure class=\"wp-block-kadence-image kb-image19_5ae67f-06 size-full kb-image-is-ratio-size\"><div class=\"kb-is-ratio-image kb-image-ratio-square\"><img loading=\"lazy\" decoding=\"async\" width=\"512\" height=\"512\" src=\"http:\/\/yan-avocats-rdc.com\/wp-content\/uploads\/2024\/02\/YAN-1.png\" alt=\"\" class=\"kb-img wp-image-48\" srcset=\"https:\/\/yan-avocats-rdc.com\/wp-content\/uploads\/2024\/02\/YAN-1.png 512w, https:\/\/yan-avocats-rdc.com\/wp-content\/uploads\/2024\/02\/YAN-1-300x300.png 300w, https:\/\/yan-avocats-rdc.com\/wp-content\/uploads\/2024\/02\/YAN-1-150x150.png 150w\" sizes=\"(max-width: 512px) 100vw, 512px\" \/><\/div><\/figure>\n<\/div><\/div>\n\n\n<style>.kadence-column19_fbd745-e1 > .kt-inside-inner-col{padding-top:var(--global-kb-spacing-md, 2rem);padding-right:var(--global-kb-spacing-md, 2rem);padding-bottom:var(--global-kb-spacing-md, 2rem);padding-left:var(--global-kb-spacing-md, 2rem);}.kadence-column19_fbd745-e1 > .kt-inside-inner-col,.kadence-column19_fbd745-e1 > .kt-inside-inner-col:before{border-top-left-radius:0px;border-top-right-radius:0px;border-bottom-right-radius:0px;border-bottom-left-radius:0px;}.kadence-column19_fbd745-e1 > .kt-inside-inner-col{column-gap:var(--global-kb-gap-sm, 1rem);}.kadence-column19_fbd745-e1 > .kt-inside-inner-col{flex-direction:column;}.kadence-column19_fbd745-e1 > .kt-inside-inner-col > .aligncenter{width:100%;}.kadence-column19_fbd745-e1 > .kt-inside-inner-col{background-color:var(--global-palette8, #F7FAFC);}.kadence-column19_fbd745-e1 > .kt-inside-inner-col:before{opacity:0.3;}.kadence-column19_fbd745-e1{position:relative;}@media all and (max-width: 1024px){.kadence-column19_fbd745-e1 > .kt-inside-inner-col{flex-direction:column;}}@media all and (max-width: 767px){.kadence-column19_fbd745-e1 > .kt-inside-inner-col{flex-direction:column;}}<\/style>\n<div class=\"wp-block-kadence-column kadence-column19_fbd745-e1\"><div class=\"kt-inside-inner-col\"><style>.wp-block-kadence-advancedheading.kt-adv-heading19_aada1e-a0, .wp-block-kadence-advancedheading.kt-adv-heading19_aada1e-a0[data-kb-block=\"kb-adv-heading19_aada1e-a0\"]{font-style:normal;}.wp-block-kadence-advancedheading.kt-adv-heading19_aada1e-a0 mark.kt-highlight, .wp-block-kadence-advancedheading.kt-adv-heading19_aada1e-a0[data-kb-block=\"kb-adv-heading19_aada1e-a0\"] mark.kt-highlight{font-style:normal;color:#f76a0c;padding-top:0px;padding-right:0px;padding-bottom:0px;padding-left:0px;}<\/style>\n<p class=\"kt-adv-heading19_aada1e-a0 wp-block-kadence-advancedheading has-theme-palette-3-color has-text-color\" data-kb-block=\"kb-adv-heading19_aada1e-a0\">Vous \u00eates passionn\u00e9 droit et et de tout ce qui a trait au juridique ? Vous \u00eates au bon endroit ! Dans ce blog, nous allons plonger ensemble dans les profondeurs du Droit et vous partagez nos exp\u00e9riences.<\/p>\n<\/div><\/div>\n\n<\/div><\/div><\/div><\/div>\n\n<\/div><\/div>","protected":false},"excerpt":{"rendered":"<p>Voici certains de nos articles Vous \u00eates passionn\u00e9 droit et et de tout ce qui a trait au juridique ? Vous \u00eates au bon endroit ! Dans ce blog, nous allons plonger ensemble dans les profondeurs du Droit et vous partagez nos exp\u00e9riences.<\/p>\n","protected":false},"author":1,"featured_media":0,"parent":0,"menu_order":0,"comment_status":"closed","ping_status":"closed","template":"","meta":{"om_disable_all_campaigns":false,"_monsterinsights_skip_tracking":false,"_monsterinsights_sitenote_active":false,"_monsterinsights_sitenote_note":"","_monsterinsights_sitenote_category":0,"_kad_post_transparent":"","_kad_post_title":"hide","_kad_post_layout":"fullwidth","_kad_post_sidebar_id":"","_kad_post_content_style":"","_kad_post_vertical_padding":"","_kad_post_feature":"","_kad_post_feature_position":"","_kad_post_header":false,"_kad_post_footer":false,"footnotes":""},"class_list":["post-19","page","type-page","status-publish","hentry"],"aioseo_notices":[],"_links":{"self":[{"href":"https:\/\/yan-avocats-rdc.com\/index.php\/wp-json\/wp\/v2\/pages\/19"}],"collection":[{"href":"https:\/\/yan-avocats-rdc.com\/index.php\/wp-json\/wp\/v2\/pages"}],"about":[{"href":"https:\/\/yan-avocats-rdc.com\/index.php\/wp-json\/wp\/v2\/types\/page"}],"author":[{"embeddable":true,"href":"https:\/\/yan-avocats-rdc.com\/index.php\/wp-json\/wp\/v2\/users\/1"}],"replies":[{"embeddable":true,"href":"https:\/\/yan-avocats-rdc.com\/index.php\/wp-json\/wp\/v2\/comments?post=19"}],"version-history":[{"count":5,"href":"https:\/\/yan-avocats-rdc.com\/index.php\/wp-json\/wp\/v2\/pages\/19\/revisions"}],"predecessor-version":[{"id":332,"href":"https:\/\/yan-avocats-rdc.com\/index.php\/wp-json\/wp\/v2\/pages\/19\/revisions\/332"}],"wp:attachment":[{"href":"https:\/\/yan-avocats-rdc.com\/index.php\/wp-json\/wp\/v2\/media?parent=19"}],"curies":[{"name":"wp","href":"https:\/\/api.w.org\/{rel}","templated":true}]}}